 - 1. Calculate g(l).
-6
Let t = -79 - -83. Let k(m) = -t*m**2 + 3 - 1 + 6 - 4 + m**3. Give k(3).
-5
Let a(u) = -2*u + 1. Let w(c) = -2*c - 1. Let x(l) = -5*a(l) + 4*w(l). Give x(9).
9
Let w(y) = -y**2 + 12*y - 3. Let n be 3/4*(7 - -5). Give w(n).
24
Let r(u) = -20*u**3 - 23*u**2 - 23*u - 26. Let x(s) = 7*s**3 + 8*s**2 + 8*s + 9. Let i(p) = 6*r(p) + 17*x(p). Give i(-2).
1
Let l(j) = j**2 + 4*j - 1. Let y(i) = -i + 3. Let s be y(0). Let g(x) = -2 - s - 2 + 6. Let n(t) = -5*g(t) - l(t). What is n(-5)?
1
Let v(n) = n**3 + 6*n**2 + 7*n + 10. Suppose 0 = 5*h - 2*u + 37 - 13, -u - 14 = 4*h. Give v(h).
14
Let j(f) = -9 + f**2 - 18907*f + 18907*f. Calculate j(-5).
16
Suppose -8*v + 223 = -73. Let x = -36 + v. Let r(n) = -n**3 - 1. Calculate r(x).
-2
Let k(d) = -d**2 + 9*d - 9. Let s be k(6). Suppose 6*n = s*n - 9. Let y(t) = -5*t**2 + 0*t + 5*t**3 + n - 1 - t - 6*t**3. Give y(-5).
7
Let l(f) = -f**2 + 5*f - 11. Suppose 0*h + 27 = 9*h. Give l(h).
-5
Let l(g) = -g - 1. Let w(y) = -y**3 - 13*y**2 - 6*y - 43. Let x(c) = c**3 + 14*c**2 + 5*c + 44. Let q(m) = -2*w(m) - 3*x(m). Let h be q(-16). Calculate l(h).
-3
Let v(o) = o - 15. Let d(s) = -2*s + 34. Let g(i) = -3*d(i) - 7*v(i). Let a be (-26)/(-5) + 1/(-5). Determine g(a).
-2
Let t(c) be the second derivative of -c**4/12 + 5*c**2/2 + 23*c. Let v be t(3). Let w(b) = b**3 + 5*b**2 + 5*b + 5. Calculate w(v).
1
Let g(p) = p - 3. Let r(s) = s**2 + s - 2. Let x(j) = 3*g(j) - 4*r(j). Suppose 2*c + 9 + 5 = w, 5*w = 2*c + 30. Suppose -w = z - 3. Calculate x(z).
-4
Suppose -235 = -4*x - 2*c - 59, -x + 2*c = -54. Suppose -x - 74 = -12*g. Let i(o) = -o + 6. Give i(g).
-4
Let q be (-22)/3*(-45)/(-6). Let c be (-88)/q*5/2. Let v(o) = -c + o - 2 - o**2 + 6*o - 1. Give v(5).
3
Let v = -4 - -8. Let d(b) be the first derivative of b**5/20 - b**4/3 - b**3/6 - b**2/2 + 25*b + 20. Let s(z) be the first derivative of d(z). What is s(v)?
-5
Suppose 253 = 37*t + 31. Let x(h) = 6*h - 32. Give x(t).
4
Let c(p) = 2*p - 9. Let x = -82 - -87. Let k(d) = d**2 + d + 2. Let q be k(0). Suppose 1 - 5 = q*n, -4*b = -x*n - 34. Give c(b).
3
Let a = 141 + -131. Let p(c) = -a + 11 - c + 5. Let u = 0 + 4. Calculate p(u).
2
Let h be 0*((-2)/(-3) - 1). Suppose 10 = -2*o - h. Let n(q) = q**3 + 4*q**2 + 3*q + 5. Let k(y) = -y**2 - y. Let c(p) = -2*k(p) + n(p). Determine c(o).
5
Let l be 2/8*2*-2. Let y = -65 + 65. Let a(f) = 3 - 10*f + y - 2 + 16*f**2 + 11*f. Calculate a(l).
16
Let d(z) = 4*z + 3*z - 2*z - 7*z - 10. Let w(i) = -i**2 + 2. Suppose 2*t + 1 = -5. Let r be w(t). Calculate d(r).
4
Let s(n) be the second derivative of n**5/120 - 5*n**4/24 - n**3/2 + 22*n. Let p(v) be the second derivative of s(v). Give p(5).
0
Suppose -38*b = -37*b + 6. Let k(o) = -2*o - 1. Give k(b).
11
Let b(u) be the first derivative of 57 - 1/2*u**2 + 0*u. What is b(-2)?
2
Let n = -38 - -33. Let a(q) = -q**3 - 5*q**2 + 2*q + 5. Calculate a(n).
-5
Let t(x) be the second derivative of -2*x**5/5 - x**4/6 + x**3/3 - x**2/2 + 229*x. Give t(1).
-9
Suppose 2*h - 5*o - 19 = 0, 2*h - 12*o + 11 = -17*o. Let j(k) = k + k**3 - 1 + 3*k**2 - 3*k**2 + 0 - k**2. Give j(h).
5
Let z(x) = x**2 - 13*x - 552. Let n be z(-18). Let v(l) = 3 - l**3 + l + l + 3*l + 5*l**2. Give v(n).
-3
Let k(f) = -f**3 + 7*f**2 - 8*f + 6. Let z be k(6). Let r(j) = 19*j**2 + 29*j - 5. Let d(c) = -12*c**2 - 19*c + 3. Let y(b) = 8*d(b) + 5*r(b). Determine y(z).
5
Let z(w) = 11*w**3 + 2*w**2 + 2*w + 1. Let t = -3 + 2. Determine z(t).
-10
Let y(u) = -u**2 + 5*u - 2. Let i(d) = -3*d**2 + 14*d - 5. Let b(j) = -4*i(j) + 11*y(j). Calculate b(4).
10
Let m(y) = 84*y - 3. Let t(s) = 123*s - 4. Let l(i) = -7*m(i) + 5*t(i). What is l(2)?
55
Let q(a) = -10*a**2 - 4*a + 9. Let j(b) = -9*b**2 - 3*b + 7. Let o(f) = 5*j(f) - 4*q(f). Determine o(2).
-19
Let i(r) = r**3 + 2*r**2 - 9*r - 5. Let l be 6/(8/(-40)*30/4). What is i(l)?
-1
Let m(b) = b**2 - 2*b + 1. Suppose -4*r + 0*h = 2*h - 16, 5*h = 0. Let j be 2 - (-16 - r)/(-5). Determine m(j).
9
Let p(k) = -5015 - k + 5016 + 2*k + k**2 + k + 5*k**3. Determine p(-1).
-5
Suppose 20*m = 17*m - x - 37, -m + 5*x = -9. Let o(k) = k**3 + 12*k**2 + 14*k + 7. What is o(m)?
-26
Let c(i) = -i**3 + 7*i**2 - 6*i. Let v(g) = 0*g**2 - g**2 - 4 + 0 - 11*g. Let d(r) = -5*r + 5. Let f be d(3). Let w be v(f). What is c(w)?
0
Suppose -3*p + 2*t - 4*t + 40 = 0, 0 = 3*t + 3. Let z(a) = a**2 - 15*a - 1. Give z(p).
-15
Let p be (-6)/(-24) + (-117)/(-12). Suppose -p = a - 13. Let h(z) = -3*z**2 + z + z**2 - 6 + a*z**2. Calculate h(0).
-6
Let u(q) = q**3 - 6*q**2 + 6*q - 3. Let i = 162 - 158. Give u(i).
-11
Let m(v) be the third derivative of -v**6/180 - v**5/24 - 5*v**4/24 - 7*v**3/6 - 16*v**2. Let h(o) be the first derivative of m(o). Give h(-4).
-17
Suppose b - 5 = -4*h, -3*b + 2*b + 5 = -3*h. Let m(t) be the third derivative of -t**4/24 + 7*t**3/6 - 675*t**2. Determine m(b).
2
Let r(d) = -d**3 + d**2 - 2*d. Let z(h) = -h**3 - 2*h. Let q(b) = 4*r(b) - 3*z(b). Let f be (-1 - (-14)/(-6))/(2/3). Let n = f - -8. Determine q(n).
3
Let q be (60 - -2) + 40/8. Let g = q - 72. Let r(u) = 2*u + 2. Give r(g).
-8
Let m(c) = -c**3 + c**2 + 3*c - 2. Let y be (-12606)/121 - 4/(-22). Let q = -101 - y. Determine m(q).
-11
Let k(y) = -20*y**2 - 19*y + 14. Let h(s) = 7*s**2 + 6*s - 5. Let w(f) = 17*h(f) + 6*k(f). Let z(v) = v - 1. Let g(r) = w(r) + 4*z(r). Calculate g(-8).
-5
Let l = -781 - -781. Let u(h) = h**2 + h + 2. Determine u(l).
2
Let k(w) = -w**2 + 3*w - 3. Let j(g) = 2*g**2 - 5*g + 5. Let b(h) = -4*j(h) - 9*k(h). Let s be 0 - (0 - -2 - 4). Let i be -2*(s + (-18)/4). Determine b(i).
-3
Let z(d) = 11*d**3 + 28*d**2 + 11*d - 2. Let t(j) = 5*j**3 + 14*j**2 + 5*j. Let y(p) = 9*t(p) - 4*z(p). Give y(-14).
-6
Let t(h) = 29*h + 9*h - 1 - 19*h. What is t(1)?
18
Suppose 2*n - 26 = -3*l, -2*l = -l + 4*n - 22. Let v(b) = b**2 - 6*b - 1. Give v(l).
-1
Let o(b) = -b**2 - 4*b - 1. Let s be o(-3). Let r(z) = 3*z - s*z + 0*z. Let w be (2/(-1))/(1*(-4)/8). What is r(w)?
4
Let z(s) be the first derivative of 3*s**2 + 6*s + 209. Determine z(-4).
-18
Let x(y) = y - 3*y + 5*y. Let s be 10*(-1 + 2)*496/32. Suppose s = 3*w + 158. Give x(w).
-3
Let t(b) = b**3 + 17*b**2 + 58*b + 66. Let w be t(-13). Let m(x) = x**2 + 9*x + 11. Calculate m(w).
47
Suppose -7*g + 8 = -3*g. Let r(p) = -7*p - g - 6*p + 14*p. Give r(2).
0
Let c(h) = -43*h - h**2 - 6 - 41*h + 114*h - 39*h. What is c(-9)?
-6
Let q(b) = 2. Let i(r) = -r**2 + 12*r - 35. Let y(j) = -i(j) - 5*q(j). Calculate y(13).
38
Let b(l) be the third derivative of l**4/6 - l**3/3 + 61*l**2. Give b(-4).
-18
Let l(g) be the second derivative of 1/24*g**4 - 1/2*g**3 + 5*g - 4*g**2 + 0. Let y(f) be the first derivative of l(f). Calculate y(5).
2
Let l(x) = -2*x - 5*x**2 + 0*x**3 + x**3 - 3*x. Let u = -11328 - -11334. Determine l(u).
6
Let j(r) = r**3 + 10*r**2 - r - 7. Suppose -2*p - 119 = -99. Calculate j(p).
3
Let z(i) = -i**3 - 4*i**2 + 2*i + 3. Let s(b) = b**2 - 3*b + 3. Let q be (-1)/(9/6)*-3. Let k be s(q). Suppose 7 = -2*g - k. Give z(g).
-5
Suppose -7*q + 16 = -5. Let s(b) = 3*b + b**3 - 337 + 345 - 6*b**2 - q*b - 2*b. Give s(6).
-4
Let o be (-385)/70 - ((-1)/(-2) - 0). Let j(g) = -5*g + 3. Let q(n) = -n. Let v(m) = o*q(m) + j(m). Calculate v(-8).
-5
Let c(v) = 0*v**2 + 4*v**2 - 2*v - 3*v + v + 2. Let s be c(2). Let f(q) = 9*q - 7 + s*q - 17*q. Calculate f(5).
3
Let o(p) = p**2 + p + 1. Let f be o(-2). Let i(y) = 2*y**f - y**2 - y**3 - 2*y - 1 + 0*y. Let t be (-4)/(-3 + 8 - 3). Calculate i(t).
-9
Let p be 4*((-33)/(-4) - 4). Suppose 20*v + 15 = p*v. Let l(y) = -y**2 - 5*y - 5. Determine l(v).
-5
Suppose 112 = 36*p - 212. Let j(m) = 3*m - 12. Calculate j(p).
15
Let t(m) = -m**3 - m**2 - m - 2. Suppose -3*i - 5*p + 20 = 0, 3 = 3*i + 2*p - 5. Give t(i).
-2
Let c(f) be the first derivative of f**2/2 + f + 1. Suppose 3*i + 4*y = 8*i + 24, 5*y = -3*i - 7. Calculate c(i).
-3
Suppose -6*f - 8 = -2*f. Let a(r) = -2 + 12*r - 5*r + 3 + 2. Determine a(f).
-11
Let g(w) = w**2 + 7*w + 15. Let j be g(-4). Let a(o) = o**3 - 3*o**2 + 4. Calculate a(j).
4
Let g(o) = 9*o + 9. Let w(r) = 11*r + 11. Let q(m) = 6*g(m) - 5*w(m). Calculate q(3).
-4
Let t(i) = 9*i**2 - 2. Let s(n) = -85*n + 592. Let f be s(7). Calculate t(f).
79
Let r(o) = -o**2 - 9*o - 8. Let y(d) = -d**3 - 6*d**2 - 7*d + 4. Let w be y(-4